{"id":1848,"date":"2026-01-27T15:42:35","date_gmt":"2026-01-27T15:42:35","guid":{"rendered":"https:\/\/cartesetposters.fr\/?post_type=product&#038;p=1848"},"modified":"2026-02-21T17:02:20","modified_gmt":"2026-02-21T16:02:20","slug":"carte-bonne-chance-dark-vador","status":"publish","type":"product","link":"https:\/\/cartes-et-posters.fr\/index.php\/produit\/carte-bonne-chance-dark-vador\/","title":{"rendered":"Carte Bonne Chance Dark Vador"},"content":{"rendered":"<h2 data-start=\"199\" data-end=\"237\"><strong data-start=\"201\" data-end=\"237\">Souhaitez force et chance \u00e0 vos proches<\/strong><\/h2>\n<p data-start=\"239\" data-end=\"617\">Sign\u00e9e Julie Desvaux, cette carte bonne chance Dark Vador s\u2019adresse \u00e0 tous ceux qui aiment l\u2019univers galactique et l\u2019humour graphique. La cr\u00e9atrice y met en sc\u00e8ne un Dark Vador revisit\u00e9, stylis\u00e9 et malicieusement bienveillant. L\u2019illustration apporte un clin d\u2019\u0153il geek et un vrai message d\u2019encouragement. La carte parfaite pour dire \u00ab Bonne chance \u00bb avec originalit\u00e9.<\/p>\n<p data-start=\"619\" data-end=\"891\">Ce visuel accompagne toutes les situations o\u00f9 l\u2019on veut motiver, encourager ou soutenir. La Carte Bonne Chance Dark Vador devient un petit talisman illustr\u00e9 : un soutien graphique, positif et amusant, id\u00e9al pour un examen, un entretien, un concours ou un nouveau projet.<\/p>\n<h2 data-start=\"848\" data-end=\"874\">\u2728 <strong data-start=\"850\" data-end=\"872\">D\u00e9tails du produit<\/strong><\/h2>\n<ul data-start=\"875\" data-end=\"1212\">\n<li data-start=\"875\" data-end=\"964\">\n<p data-start=\"877\" data-end=\"964\"><strong data-start=\"877\" data-end=\"887\">Format<\/strong> : A6 (10,5 x 14,8 cm)<\/p>\n<\/li>\n<li data-start=\"965\" data-end=\"1035\">\n<p data-start=\"967\" data-end=\"1035\"><b>Papier <\/b>: recycl\u00e9 et textur\u00e9, pour une impression \u00e9co-responsable haute qualit\u00e9 (300 g\/m\u00b2)<\/p>\n<\/li>\n<li data-start=\"1036\" data-end=\"1099\">\n<p data-start=\"1038\" data-end=\"1099\"><strong data-start=\"1038\" data-end=\"1054\">Illustration<\/strong> : cr\u00e9ation exclusive \u00a92026 Julie Desvaux<\/p>\n<\/li>\n<li data-start=\"1100\" data-end=\"1137\">\n<p data-start=\"1102\" data-end=\"1137\"><strong data-start=\"1102\" data-end=\"1135\">Inclus : <\/strong>enveloppe grise<\/p>\n<\/li>\n<li data-start=\"1138\" data-end=\"1212\">\n<p data-start=\"1140\" data-end=\"1212\"><strong data-start=\"1140\" data-end=\"1173\">Vendue \u00e0 l\u2019unit\u00e9 :\u00a0 <\/strong>sans message (dos vierge pour \u00e9crire votre texte)<\/p>\n<\/li>\n<li data-start=\"1138\" data-end=\"1212\">\n<p data-start=\"1140\" data-end=\"1212\"><strong>Visuel :<\/strong> les couleurs peuvent varier selon l&rsquo;\u00e9cran &#8211; La carte que vous recevrez ne comporte pas les marques \u00ab\u00a0&amp;\u00a0\u00bb<\/p>\n<\/li>\n<\/ul>\n<h2 data-start=\"1219\" data-end=\"1529\">\ud83c\udf1f <strong data-start=\"1318\" data-end=\"1352\">Une carte \u00e0 offrir et \u00e0 garder<\/strong><\/h2>\n<p data-start=\"1354\" data-end=\"1590\">Nous imprimons cette carte bonne chance Dark Vador en petites s\u00e9ries. Chaque exemplaire re\u00e7oit une attention particuli\u00e8re. La carte appartient \u00e0 une collection joyeuse, cr\u00e9ative et pleine de r\u00e9f\u00e9rences graphiques modernes.<\/p>\n<p data-start=\"1592\" data-end=\"1918\">Color\u00e9e, expressive et amusante, elle touche aussi bien les fans de pop culture que les proches en qu\u00eate d\u2019un message motivant. On peut l\u2019offrir, l\u2019afficher, l\u2019encadrer ou la conserver comme un souvenir plein d\u2019\u00e9nergie positive.<\/p>\n<p data-start=\"1592\" data-end=\"1918\">Julie Desvaux, artiste graphiste bisontine, imagine chaque illustration avec passion et humour.<\/p>\n<h2 data-start=\"1949\" data-end=\"2150\">\ud83d\udca1 <strong data-start=\"1952\" data-end=\"2009\">Pourquoi on adore cette carte bonne chance Dark Vador ?<\/strong><\/h2>\n<p data-start=\"1989\" data-end=\"2189\">\u2714 Un clin d\u2019\u0153il geek, moderne et irr\u00e9sistible<br data-start=\"2034\" data-end=\"2037\" \/>\u2714 Une cr\u00e9ation originale, exclusive et \u00e9co-responsable<br data-start=\"2091\" data-end=\"2094\" \/>\u2714 Un message motivant plein de personnalit\u00e9<br data-start=\"2137\" data-end=\"2140\" \/>\u2714 Une carte parfaite pour encourager avec style<\/p>\n<p data-start=\"1989\" data-end=\"2189\">En conclusion, carte bonne chance Dark Vador\u00a0apporte une dose de force, de sourire et d\u2019\u00e9nergie positive. Un petit geste puissant pour souhaiter bon courage\u2026 avec un soup\u00e7on de c\u00f4t\u00e9 obscur !<\/p>\n","protected":false},"excerpt":{"rendered":"<p>Une carte bonne chance Dark Vador pleine d\u2019humour et d\u2019\u00e9nergie positive, imprim\u00e9e sur papier recycl\u00e9. Le clin d\u2019\u0153il parfait pour encourager un proche avec style et originalit\u00e9.<\/p>\n","protected":false},"featured_media":2323,"comment_status":"open","ping_status":"closed","template":"","meta":{"neve_meta_sidebar":"","neve_meta_container":"","neve_meta_enable_content_width":"off","neve_meta_content_width":100,"neve_meta_title_alignment":"","neve_meta_author_avatar":"","neve_post_elements_order":"","neve_meta_disable_header":"","neve_meta_disable_footer":"","neve_meta_disable_title":""},"product_brand":[],"product_cat":[25],"product_tag":[32,37,42],"class_list":{"0":"post-1848","1":"product","2":"type-product","3":"status-publish","4":"has-post-thumbnail","6":"product_cat-cartes-illustrees-eco-responsables","7":"product_tag-jolie-carte","8":"product_tag-cartes-et-cadeaux-porte-bonheur","9":"product_tag-cartes-et-cadeaux-star-wars","10":"product_shipping_class-cartes","12":"first","13":"instock","14":"taxable","15":"shipping-taxable","16":"purchasable","17":"product-type-simple"},"yoast_head":"<!-- This site is optimized with the Yoast SEO plugin v27.4 - https:\/\/yoast.com\/product\/yoast-seo-wordpress\/ -->\n<title>Carte Bonne Chance Dark Vador | Boutique Cartes et Posters<\/title>\n<meta name=\"description\" content=\"Carte Bonne Chance Dark Vador | Gamme Star Wars | Carte simple format A6 avec enveloppe | Cr\u00e9ation illustr\u00e9e Originale &amp; Eco-responsable\" \/>\n<meta name=\"robots\" content=\"index, follow, max-snippet:-1, max-image-preview:large, max-video-preview:-1\" \/>\n<link rel=\"canonical\" href=\"https:\/\/cartes-et-posters.fr\/index.php\/produit\/carte-bonne-chance-dark-vador\/\" \/>\n<meta property=\"og:locale\" content=\"fr_FR\" \/>\n<meta property=\"og:type\" content=\"article\" \/>\n<meta property=\"og:title\" content=\"Carte Bonne Chance Dark Vador | Boutique Cartes et Posters\" \/>\n<meta property=\"og:description\" content=\"Carte Bonne Chance Dark Vador | Gamme Star Wars | Carte simple format A6 avec enveloppe | Cr\u00e9ation illustr\u00e9e Originale &amp; Eco-responsable\" \/>\n<meta property=\"og:url\" content=\"https:\/\/cartes-et-posters.fr\/index.php\/produit\/carte-bonne-chance-dark-vador\/\" \/>\n<meta property=\"og:site_name\" content=\"Cartes et Posters\" \/>\n<meta property=\"article:modified_time\" content=\"2026-02-21T16:02:20+00:00\" \/>\n<meta property=\"og:image\" content=\"https:\/\/cartes-et-posters.fr\/wp-content\/uploads\/2026\/02\/Carte_Chance-Dark_Vador.jpg\" \/>\n\t<meta property=\"og:image:width\" content=\"1000\" \/>\n\t<meta property=\"og:image:height\" content=\"1000\" \/>\n\t<meta property=\"og:image:type\" content=\"image\/jpeg\" \/>\n<meta name=\"twitter:card\" content=\"summary_large_image\" \/>\n<meta name=\"twitter:label1\" content=\"Dur\u00e9e de lecture estim\u00e9e\" \/>\n\t<meta name=\"twitter:data1\" content=\"2 minutes\" \/>\n<script type=\"application\/ld+json\" class=\"yoast-schema-graph\">{\"@context\":\"https:\\\/\\\/schema.org\",\"@graph\":[{\"@type\":\"WebPage\",\"@id\":\"https:\\\/\\\/cartes-et-posters.fr\\\/index.php\\\/produit\\\/carte-bonne-chance-dark-vador\\\/\",\"url\":\"https:\\\/\\\/cartes-et-posters.fr\\\/index.php\\\/produit\\\/carte-bonne-chance-dark-vador\\\/\",\"name\":\"Carte Bonne Chance Dark Vador | Boutique Cartes et Posters\",\"isPartOf\":{\"@id\":\"https:\\\/\\\/cartes-et-posters.fr\\\/#website\"},\"primaryImageOfPage\":{\"@id\":\"https:\\\/\\\/cartes-et-posters.fr\\\/index.php\\\/produit\\\/carte-bonne-chance-dark-vador\\\/#primaryimage\"},\"image\":{\"@id\":\"https:\\\/\\\/cartes-et-posters.fr\\\/index.php\\\/produit\\\/carte-bonne-chance-dark-vador\\\/#primaryimage\"},\"thumbnailUrl\":\"https:\\\/\\\/cartes-et-posters.fr\\\/wp-content\\\/uploads\\\/2026\\\/02\\\/Carte_Chance-Dark_Vador.jpg\",\"datePublished\":\"2026-01-27T15:42:35+00:00\",\"dateModified\":\"2026-02-21T16:02:20+00:00\",\"description\":\"Carte Bonne Chance Dark Vador | Gamme Star Wars | Carte simple format A6 avec enveloppe | Cr\u00e9ation illustr\u00e9e Originale & Eco-responsable\",\"breadcrumb\":{\"@id\":\"https:\\\/\\\/cartes-et-posters.fr\\\/index.php\\\/produit\\\/carte-bonne-chance-dark-vador\\\/#breadcrumb\"},\"inLanguage\":\"fr-FR\",\"potentialAction\":[{\"@type\":\"ReadAction\",\"target\":[\"https:\\\/\\\/cartes-et-posters.fr\\\/index.php\\\/produit\\\/carte-bonne-chance-dark-vador\\\/\"]}]},{\"@type\":\"ImageObject\",\"inLanguage\":\"fr-FR\",\"@id\":\"https:\\\/\\\/cartes-et-posters.fr\\\/index.php\\\/produit\\\/carte-bonne-chance-dark-vador\\\/#primaryimage\",\"url\":\"https:\\\/\\\/cartes-et-posters.fr\\\/wp-content\\\/uploads\\\/2026\\\/02\\\/Carte_Chance-Dark_Vador.jpg\",\"contentUrl\":\"https:\\\/\\\/cartes-et-posters.fr\\\/wp-content\\\/uploads\\\/2026\\\/02\\\/Carte_Chance-Dark_Vador.jpg\",\"width\":1000,\"height\":1000},{\"@type\":\"BreadcrumbList\",\"@id\":\"https:\\\/\\\/cartes-et-posters.fr\\\/index.php\\\/produit\\\/carte-bonne-chance-dark-vador\\\/#breadcrumb\",\"itemListElement\":[{\"@type\":\"ListItem\",\"position\":1,\"name\":\"Accueil\",\"item\":\"https:\\\/\\\/cartes-et-posters.fr\\\/\"},{\"@type\":\"ListItem\",\"position\":2,\"name\":\"Produits\",\"item\":\"https:\\\/\\\/cartes-et-posters.fr\\\/index.php\\\/shop\\\/\"},{\"@type\":\"ListItem\",\"position\":3,\"name\":\"Carte Bonne Chance Dark Vador\"}]},{\"@type\":\"WebSite\",\"@id\":\"https:\\\/\\\/cartes-et-posters.fr\\\/#website\",\"url\":\"https:\\\/\\\/cartes-et-posters.fr\\\/\",\"name\":\"Cartes et Posters\",\"description\":\"\",\"potentialAction\":[{\"@type\":\"SearchAction\",\"target\":{\"@type\":\"EntryPoint\",\"urlTemplate\":\"https:\\\/\\\/cartes-et-posters.fr\\\/?s={search_term_string}\"},\"query-input\":{\"@type\":\"PropertyValueSpecification\",\"valueRequired\":true,\"valueName\":\"search_term_string\"}}],\"inLanguage\":\"fr-FR\"}]}<\/script>\n<!-- \/ Yoast SEO plugin. -->","yoast_head_json":{"title":"Carte Bonne Chance Dark Vador | Boutique Cartes et Posters","description":"Carte Bonne Chance Dark Vador | Gamme Star Wars | Carte simple format A6 avec enveloppe | Cr\u00e9ation illustr\u00e9e Originale & Eco-responsable","robots":{"index":"index","follow":"follow","max-snippet":"max-snippet:-1","max-image-preview":"max-image-preview:large","max-video-preview":"max-video-preview:-1"},"canonical":"https:\/\/cartes-et-posters.fr\/index.php\/produit\/carte-bonne-chance-dark-vador\/","og_locale":"fr_FR","og_type":"article","og_title":"Carte Bonne Chance Dark Vador | Boutique Cartes et Posters","og_description":"Carte Bonne Chance Dark Vador | Gamme Star Wars | Carte simple format A6 avec enveloppe | Cr\u00e9ation illustr\u00e9e Originale & Eco-responsable","og_url":"https:\/\/cartes-et-posters.fr\/index.php\/produit\/carte-bonne-chance-dark-vador\/","og_site_name":"Cartes et Posters","article_modified_time":"2026-02-21T16:02:20+00:00","og_image":[{"width":1000,"height":1000,"url":"https:\/\/cartes-et-posters.fr\/wp-content\/uploads\/2026\/02\/Carte_Chance-Dark_Vador.jpg","type":"image\/jpeg"}],"twitter_card":"summary_large_image","twitter_misc":{"Dur\u00e9e de lecture estim\u00e9e":"2 minutes"},"schema":{"@context":"https:\/\/schema.org","@graph":[{"@type":"WebPage","@id":"https:\/\/cartes-et-posters.fr\/index.php\/produit\/carte-bonne-chance-dark-vador\/","url":"https:\/\/cartes-et-posters.fr\/index.php\/produit\/carte-bonne-chance-dark-vador\/","name":"Carte Bonne Chance Dark Vador | Boutique Cartes et Posters","isPartOf":{"@id":"https:\/\/cartes-et-posters.fr\/#website"},"primaryImageOfPage":{"@id":"https:\/\/cartes-et-posters.fr\/index.php\/produit\/carte-bonne-chance-dark-vador\/#primaryimage"},"image":{"@id":"https:\/\/cartes-et-posters.fr\/index.php\/produit\/carte-bonne-chance-dark-vador\/#primaryimage"},"thumbnailUrl":"https:\/\/cartes-et-posters.fr\/wp-content\/uploads\/2026\/02\/Carte_Chance-Dark_Vador.jpg","datePublished":"2026-01-27T15:42:35+00:00","dateModified":"2026-02-21T16:02:20+00:00","description":"Carte Bonne Chance Dark Vador | Gamme Star Wars | Carte simple format A6 avec enveloppe | Cr\u00e9ation illustr\u00e9e Originale & Eco-responsable","breadcrumb":{"@id":"https:\/\/cartes-et-posters.fr\/index.php\/produit\/carte-bonne-chance-dark-vador\/#breadcrumb"},"inLanguage":"fr-FR","potentialAction":[{"@type":"ReadAction","target":["https:\/\/cartes-et-posters.fr\/index.php\/produit\/carte-bonne-chance-dark-vador\/"]}]},{"@type":"ImageObject","inLanguage":"fr-FR","@id":"https:\/\/cartes-et-posters.fr\/index.php\/produit\/carte-bonne-chance-dark-vador\/#primaryimage","url":"https:\/\/cartes-et-posters.fr\/wp-content\/uploads\/2026\/02\/Carte_Chance-Dark_Vador.jpg","contentUrl":"https:\/\/cartes-et-posters.fr\/wp-content\/uploads\/2026\/02\/Carte_Chance-Dark_Vador.jpg","width":1000,"height":1000},{"@type":"BreadcrumbList","@id":"https:\/\/cartes-et-posters.fr\/index.php\/produit\/carte-bonne-chance-dark-vador\/#breadcrumb","itemListElement":[{"@type":"ListItem","position":1,"name":"Accueil","item":"https:\/\/cartes-et-posters.fr\/"},{"@type":"ListItem","position":2,"name":"Produits","item":"https:\/\/cartes-et-posters.fr\/index.php\/shop\/"},{"@type":"ListItem","position":3,"name":"Carte Bonne Chance Dark Vador"}]},{"@type":"WebSite","@id":"https:\/\/cartes-et-posters.fr\/#website","url":"https:\/\/cartes-et-posters.fr\/","name":"Cartes et Posters","description":"","potentialAction":[{"@type":"SearchAction","target":{"@type":"EntryPoint","urlTemplate":"https:\/\/cartes-et-posters.fr\/?s={search_term_string}"},"query-input":{"@type":"PropertyValueSpecification","valueRequired":true,"valueName":"search_term_string"}}],"inLanguage":"fr-FR"}]}},"df_price":2.9,"df_sale_price":"","df_regular_price":2.9,"df_image_link":"https:\/\/cartes-et-posters.fr\/wp-content\/uploads\/2026\/02\/Carte_Chance-Dark_Vador-300x300.jpg","jetpack_sharing_enabled":true,"_links":{"self":[{"href":"https:\/\/cartes-et-posters.fr\/index.php\/wp-json\/wp\/v2\/product\/1848","targetHints":{"allow":["GET"]}}],"collection":[{"href":"https:\/\/cartes-et-posters.fr\/index.php\/wp-json\/wp\/v2\/product"}],"about":[{"href":"https:\/\/cartes-et-posters.fr\/index.php\/wp-json\/wp\/v2\/types\/product"}],"replies":[{"embeddable":true,"href":"https:\/\/cartes-et-posters.fr\/index.php\/wp-json\/wp\/v2\/comments?post=1848"}],"wp:featuredmedia":[{"embeddable":true,"href":"https:\/\/cartes-et-posters.fr\/index.php\/wp-json\/wp\/v2\/media\/2323"}],"wp:attachment":[{"href":"https:\/\/cartes-et-posters.fr\/index.php\/wp-json\/wp\/v2\/media?parent=1848"}],"wp:term":[{"taxonomy":"product_brand","embeddable":true,"href":"https:\/\/cartes-et-posters.fr\/index.php\/wp-json\/wp\/v2\/product_brand?post=1848"},{"taxonomy":"product_cat","embeddable":true,"href":"https:\/\/cartes-et-posters.fr\/index.php\/wp-json\/wp\/v2\/product_cat?post=1848"},{"taxonomy":"product_tag","embeddable":true,"href":"https:\/\/cartes-et-posters.fr\/index.php\/wp-json\/wp\/v2\/product_tag?post=1848"}],"curies":[{"name":"wp","href":"https:\/\/api.w.org\/{rel}","templated":true}]}}