{"id":1832,"date":"2026-01-27T14:50:26","date_gmt":"2026-01-27T14:50:26","guid":{"rendered":"https:\/\/cartesetposters.fr\/?post_type=product&#038;p=1832"},"modified":"2026-02-27T17:34:35","modified_gmt":"2026-02-27T16:34:35","slug":"carte-anniversaire-enfant-dragon","status":"publish","type":"product","link":"https:\/\/cartes-et-posters.fr\/index.php\/produit\/carte-anniversaire-enfant-dragon\/","title":{"rendered":"Carte Anniversaire Enfant Dragon"},"content":{"rendered":"<h2 data-start=\"214\" data-end=\"581\">Un dragon rigolo et plein d\u2019humour pour une carte d\u2019anniversaire enfant pleine de tendresse !<\/h2>\n<p data-start=\"214\" data-end=\"581\">Illustration originale, imagin\u00e9e en France avec tendresse. Faites souffler les bougies en flammes et en couleurs avec notre carte anniversaire enfant dragon ! Cette adorable illustration met en sc\u00e8ne un petit dragon rigolo qui souffle des flammes\u2026 Mais uniquement pour allumer les bougies d\u2019un d\u00e9licieux g\u00e2teau d\u2019anniversaire ! Une sc\u00e8ne dr\u00f4le et festive, parfaite pour \u00e9merveiller petits et grands.<\/p>\n<p data-start=\"214\" data-end=\"581\">Pens\u00e9e et illustr\u00e9e par notre cr\u00e9atrice graphique Julie Desvaux, cette carte est imprim\u00e9e en petite s\u00e9rie sur un papier recycl\u00e9 de qualit\u00e9, avec des finitions soign\u00e9es. Le visuel dynamique, les couleurs chaleureuses et les d\u00e9tails espi\u00e8gles en font un support parfait pour \u00e9crire un mot doux, accompagner un cadeau ou d\u00e9corer une chambre d\u2019enfant.<\/p>\n<p data-start=\"214\" data-end=\"581\">\ud83c\udf1f Notre gamme de papeterie joyeuse, color\u00e9e et ludique est id\u00e9ale pour faire plaisir et exprimer toute votre tendresse avec originalit\u00e9.<\/p>\n<h2 data-start=\"848\" data-end=\"874\">\u2728 <strong data-start=\"850\" data-end=\"872\">D\u00e9tails du produit<\/strong><\/h2>\n<ul data-start=\"875\" data-end=\"1212\">\n<li data-start=\"875\" data-end=\"964\">\n<p data-start=\"877\" data-end=\"964\"><strong data-start=\"877\" data-end=\"887\">Format<\/strong> : A6 (10,5 x 14,8 cm)<\/p>\n<\/li>\n<li data-start=\"965\" data-end=\"1035\">\n<p data-start=\"967\" data-end=\"1035\"><b>Papier <\/b>: recycl\u00e9 et textur\u00e9, pour une impression \u00e9co-responsable haute qualit\u00e9 (300 g\/m\u00b2)<\/p>\n<\/li>\n<li data-start=\"1036\" data-end=\"1099\">\n<p data-start=\"1038\" data-end=\"1099\"><strong data-start=\"1038\" data-end=\"1054\">Illustration<\/strong> : cr\u00e9ation exclusive \u00a92026 Julie Desvaux<\/p>\n<\/li>\n<li data-start=\"1100\" data-end=\"1137\">\n<p data-start=\"1102\" data-end=\"1137\"><strong data-start=\"1102\" data-end=\"1135\">Inclus : <\/strong>enveloppe C6 verte<\/p>\n<\/li>\n<li data-start=\"1138\" data-end=\"1212\">\n<p data-start=\"1140\" data-end=\"1212\"><strong data-start=\"1140\" data-end=\"1173\">Vendue \u00e0 l\u2019unit\u00e9 :\u00a0 <\/strong>sans message (dos vierge pour \u00e9crire votre texte)<\/p>\n<\/li>\n<li data-start=\"1138\" data-end=\"1212\">\n<p data-start=\"1140\" data-end=\"1212\"><strong>Visuel :<\/strong> les couleurs peuvent varier selon l&rsquo;\u00e9cran &#8211; La carte que vous recevrez ne comporte pas les marques \u00ab\u00a0&amp;\u00a0\u00bb<\/p>\n<\/li>\n<\/ul>\n<h2 data-start=\"1219\" data-end=\"1529\">\ud83d\udc09 Une papeterie ludique imagin\u00e9e en Franche-Comt\u00e9<\/h2>\n<p data-start=\"1362\" data-end=\"1736\">Cette carte fait partie de notre univers de papeterie cr\u00e9ative, dr\u00f4le et p\u00e9tillante. Imagin\u00e9e et illustr\u00e9e en France, nous l&rsquo;avons ensuite imprim\u00e9e en petite s\u00e9rie sur un papier de qualit\u00e9 pour accompagner les plus beaux messages d\u2019anniversaire. Un concentr\u00e9 de flamme et de tendresse, fid\u00e8le \u00e0 l\u2019esprit de Cartes et Posters ! Un design joyeux et un soup\u00e7on de magie illustr\u00e9e.<\/p>\n<h2 data-start=\"1949\" data-end=\"2150\">\ud83d\udca1 Pourquoi on adore cette carte d&rsquo;anniversaire dragon?<\/h2>\n<p data-start=\"1942\" data-end=\"2129\">\u2714 Un dragon espi\u00e8gle et attachant<br \/>\n\u2714 Une sc\u00e8ne pleine d\u2019humour et de douceur<br \/>\n\u2714 Une illustration originale, sign\u00e9e \u00a92026 Julie Desvaux<br \/>\n\u2714 Un design original, exclusif et \u00e9co-responsable<\/p>\n<p data-start=\"2131\" data-end=\"2341\" data-is-last-node=\"\" data-is-only-node=\"\">En conclusion, vous l\u2019aurez compris : on recommande chaudement cette carte d\u2019anniversaire enfant avec son dragon malicieux ! Elle apportera une touche de fantaisie et de bonne humeur pour c\u00e9l\u00e9brer une bougie (ou plusieurs !) comme il se doit.<\/p>\n","protected":false},"excerpt":{"rendered":"<p>Un dragon rigolo et plein d\u2019humour pour une carte d\u2019anniversaire enfant pleine de tendresse. Illustration originale, imagin\u00e9e en France avec tendresse.<\/p>\n","protected":false},"featured_media":2312,"comment_status":"open","ping_status":"closed","template":"","meta":{"neve_meta_sidebar":"","neve_meta_container":"","neve_meta_enable_content_width":"off","neve_meta_content_width":100,"neve_meta_title_alignment":"","neve_meta_author_avatar":"","neve_post_elements_order":"","neve_meta_disable_header":"","neve_meta_disable_footer":"","neve_meta_disable_title":""},"product_brand":[],"product_cat":[25],"product_tag":[19,27,32],"class_list":{"0":"post-1832","1":"product","2":"type-product","3":"status-publish","4":"has-post-thumbnail","6":"product_cat-cartes-illustrees-eco-responsables","7":"product_tag-carterie-anniversaire","8":"product_tag-creations-enfant-illustrees","9":"product_tag-jolie-carte","10":"product_shipping_class-cartes","12":"first","13":"instock","14":"taxable","15":"shipping-taxable","16":"purchasable","17":"product-type-simple"},"yoast_head":"<!-- This site is optimized with the Yoast SEO plugin v27.4 - https:\/\/yoast.com\/product\/yoast-seo-wordpress\/ -->\n<title>Carte Anniversaire Enfant Dragon | Boutique Cartes et Posters<\/title>\n<meta name=\"description\" content=\"Carte d&#039;Anniversaire pour Enfant Dragon | Carte simple format A6 avec enveloppe | Cr\u00e9ation illustr\u00e9e Originale et Eco-Responsable\" \/>\n<meta name=\"robots\" content=\"index, follow, max-snippet:-1, max-image-preview:large, max-video-preview:-1\" \/>\n<link rel=\"canonical\" href=\"https:\/\/cartes-et-posters.fr\/index.php\/produit\/carte-anniversaire-enfant-dragon\/\" \/>\n<meta property=\"og:locale\" content=\"fr_FR\" \/>\n<meta property=\"og:type\" content=\"article\" \/>\n<meta property=\"og:title\" content=\"Carte Anniversaire Enfant Dragon | Boutique Cartes et Posters\" \/>\n<meta property=\"og:description\" content=\"Carte d&#039;Anniversaire pour Enfant Dragon | Carte simple format A6 avec enveloppe | Cr\u00e9ation illustr\u00e9e Originale et Eco-Responsable\" \/>\n<meta property=\"og:url\" content=\"https:\/\/cartes-et-posters.fr\/index.php\/produit\/carte-anniversaire-enfant-dragon\/\" \/>\n<meta property=\"og:site_name\" content=\"Cartes et Posters\" \/>\n<meta property=\"article:modified_time\" content=\"2026-02-27T16:34:35+00:00\" \/>\n<meta property=\"og:image\" content=\"https:\/\/cartes-et-posters.fr\/wp-content\/uploads\/2026\/02\/CARTE-ANNIVERSAIRE-Dragon-0.jpg\" \/>\n\t<meta property=\"og:image:width\" content=\"1000\" \/>\n\t<meta property=\"og:image:height\" content=\"1000\" \/>\n\t<meta property=\"og:image:type\" content=\"image\/jpeg\" \/>\n<meta name=\"twitter:card\" content=\"summary_large_image\" \/>\n<meta name=\"twitter:label1\" content=\"Dur\u00e9e de lecture estim\u00e9e\" \/>\n\t<meta name=\"twitter:data1\" content=\"2 minutes\" \/>\n<script type=\"application\/ld+json\" class=\"yoast-schema-graph\">{\"@context\":\"https:\\\/\\\/schema.org\",\"@graph\":[{\"@type\":\"WebPage\",\"@id\":\"https:\\\/\\\/cartes-et-posters.fr\\\/index.php\\\/produit\\\/carte-anniversaire-enfant-dragon\\\/\",\"url\":\"https:\\\/\\\/cartes-et-posters.fr\\\/index.php\\\/produit\\\/carte-anniversaire-enfant-dragon\\\/\",\"name\":\"Carte Anniversaire Enfant Dragon | Boutique Cartes et Posters\",\"isPartOf\":{\"@id\":\"https:\\\/\\\/cartes-et-posters.fr\\\/#website\"},\"primaryImageOfPage\":{\"@id\":\"https:\\\/\\\/cartes-et-posters.fr\\\/index.php\\\/produit\\\/carte-anniversaire-enfant-dragon\\\/#primaryimage\"},\"image\":{\"@id\":\"https:\\\/\\\/cartes-et-posters.fr\\\/index.php\\\/produit\\\/carte-anniversaire-enfant-dragon\\\/#primaryimage\"},\"thumbnailUrl\":\"https:\\\/\\\/cartes-et-posters.fr\\\/wp-content\\\/uploads\\\/2026\\\/02\\\/CARTE-ANNIVERSAIRE-Dragon-0.jpg\",\"datePublished\":\"2026-01-27T14:50:26+00:00\",\"dateModified\":\"2026-02-27T16:34:35+00:00\",\"description\":\"Carte d'Anniversaire pour Enfant Dragon | Carte simple format A6 avec enveloppe | Cr\u00e9ation illustr\u00e9e Originale et Eco-Responsable\",\"breadcrumb\":{\"@id\":\"https:\\\/\\\/cartes-et-posters.fr\\\/index.php\\\/produit\\\/carte-anniversaire-enfant-dragon\\\/#breadcrumb\"},\"inLanguage\":\"fr-FR\",\"potentialAction\":[{\"@type\":\"ReadAction\",\"target\":[\"https:\\\/\\\/cartes-et-posters.fr\\\/index.php\\\/produit\\\/carte-anniversaire-enfant-dragon\\\/\"]}]},{\"@type\":\"ImageObject\",\"inLanguage\":\"fr-FR\",\"@id\":\"https:\\\/\\\/cartes-et-posters.fr\\\/index.php\\\/produit\\\/carte-anniversaire-enfant-dragon\\\/#primaryimage\",\"url\":\"https:\\\/\\\/cartes-et-posters.fr\\\/wp-content\\\/uploads\\\/2026\\\/02\\\/CARTE-ANNIVERSAIRE-Dragon-0.jpg\",\"contentUrl\":\"https:\\\/\\\/cartes-et-posters.fr\\\/wp-content\\\/uploads\\\/2026\\\/02\\\/CARTE-ANNIVERSAIRE-Dragon-0.jpg\",\"width\":1000,\"height\":1000},{\"@type\":\"BreadcrumbList\",\"@id\":\"https:\\\/\\\/cartes-et-posters.fr\\\/index.php\\\/produit\\\/carte-anniversaire-enfant-dragon\\\/#breadcrumb\",\"itemListElement\":[{\"@type\":\"ListItem\",\"position\":1,\"name\":\"Accueil\",\"item\":\"https:\\\/\\\/cartes-et-posters.fr\\\/\"},{\"@type\":\"ListItem\",\"position\":2,\"name\":\"Produits\",\"item\":\"https:\\\/\\\/cartes-et-posters.fr\\\/index.php\\\/shop\\\/\"},{\"@type\":\"ListItem\",\"position\":3,\"name\":\"Carte Anniversaire Enfant Dragon\"}]},{\"@type\":\"WebSite\",\"@id\":\"https:\\\/\\\/cartes-et-posters.fr\\\/#website\",\"url\":\"https:\\\/\\\/cartes-et-posters.fr\\\/\",\"name\":\"Cartes et Posters\",\"description\":\"\",\"potentialAction\":[{\"@type\":\"SearchAction\",\"target\":{\"@type\":\"EntryPoint\",\"urlTemplate\":\"https:\\\/\\\/cartes-et-posters.fr\\\/?s={search_term_string}\"},\"query-input\":{\"@type\":\"PropertyValueSpecification\",\"valueRequired\":true,\"valueName\":\"search_term_string\"}}],\"inLanguage\":\"fr-FR\"}]}<\/script>\n<!-- \/ Yoast SEO plugin. -->","yoast_head_json":{"title":"Carte Anniversaire Enfant Dragon | Boutique Cartes et Posters","description":"Carte d'Anniversaire pour Enfant Dragon | Carte simple format A6 avec enveloppe | Cr\u00e9ation illustr\u00e9e Originale et Eco-Responsable","robots":{"index":"index","follow":"follow","max-snippet":"max-snippet:-1","max-image-preview":"max-image-preview:large","max-video-preview":"max-video-preview:-1"},"canonical":"https:\/\/cartes-et-posters.fr\/index.php\/produit\/carte-anniversaire-enfant-dragon\/","og_locale":"fr_FR","og_type":"article","og_title":"Carte Anniversaire Enfant Dragon | Boutique Cartes et Posters","og_description":"Carte d'Anniversaire pour Enfant Dragon | Carte simple format A6 avec enveloppe | Cr\u00e9ation illustr\u00e9e Originale et Eco-Responsable","og_url":"https:\/\/cartes-et-posters.fr\/index.php\/produit\/carte-anniversaire-enfant-dragon\/","og_site_name":"Cartes et Posters","article_modified_time":"2026-02-27T16:34:35+00:00","og_image":[{"width":1000,"height":1000,"url":"https:\/\/cartes-et-posters.fr\/wp-content\/uploads\/2026\/02\/CARTE-ANNIVERSAIRE-Dragon-0.jpg","type":"image\/jpeg"}],"twitter_card":"summary_large_image","twitter_misc":{"Dur\u00e9e de lecture estim\u00e9e":"2 minutes"},"schema":{"@context":"https:\/\/schema.org","@graph":[{"@type":"WebPage","@id":"https:\/\/cartes-et-posters.fr\/index.php\/produit\/carte-anniversaire-enfant-dragon\/","url":"https:\/\/cartes-et-posters.fr\/index.php\/produit\/carte-anniversaire-enfant-dragon\/","name":"Carte Anniversaire Enfant Dragon | Boutique Cartes et Posters","isPartOf":{"@id":"https:\/\/cartes-et-posters.fr\/#website"},"primaryImageOfPage":{"@id":"https:\/\/cartes-et-posters.fr\/index.php\/produit\/carte-anniversaire-enfant-dragon\/#primaryimage"},"image":{"@id":"https:\/\/cartes-et-posters.fr\/index.php\/produit\/carte-anniversaire-enfant-dragon\/#primaryimage"},"thumbnailUrl":"https:\/\/cartes-et-posters.fr\/wp-content\/uploads\/2026\/02\/CARTE-ANNIVERSAIRE-Dragon-0.jpg","datePublished":"2026-01-27T14:50:26+00:00","dateModified":"2026-02-27T16:34:35+00:00","description":"Carte d'Anniversaire pour Enfant Dragon | Carte simple format A6 avec enveloppe | Cr\u00e9ation illustr\u00e9e Originale et Eco-Responsable","breadcrumb":{"@id":"https:\/\/cartes-et-posters.fr\/index.php\/produit\/carte-anniversaire-enfant-dragon\/#breadcrumb"},"inLanguage":"fr-FR","potentialAction":[{"@type":"ReadAction","target":["https:\/\/cartes-et-posters.fr\/index.php\/produit\/carte-anniversaire-enfant-dragon\/"]}]},{"@type":"ImageObject","inLanguage":"fr-FR","@id":"https:\/\/cartes-et-posters.fr\/index.php\/produit\/carte-anniversaire-enfant-dragon\/#primaryimage","url":"https:\/\/cartes-et-posters.fr\/wp-content\/uploads\/2026\/02\/CARTE-ANNIVERSAIRE-Dragon-0.jpg","contentUrl":"https:\/\/cartes-et-posters.fr\/wp-content\/uploads\/2026\/02\/CARTE-ANNIVERSAIRE-Dragon-0.jpg","width":1000,"height":1000},{"@type":"BreadcrumbList","@id":"https:\/\/cartes-et-posters.fr\/index.php\/produit\/carte-anniversaire-enfant-dragon\/#breadcrumb","itemListElement":[{"@type":"ListItem","position":1,"name":"Accueil","item":"https:\/\/cartes-et-posters.fr\/"},{"@type":"ListItem","position":2,"name":"Produits","item":"https:\/\/cartes-et-posters.fr\/index.php\/shop\/"},{"@type":"ListItem","position":3,"name":"Carte Anniversaire Enfant Dragon"}]},{"@type":"WebSite","@id":"https:\/\/cartes-et-posters.fr\/#website","url":"https:\/\/cartes-et-posters.fr\/","name":"Cartes et Posters","description":"","potentialAction":[{"@type":"SearchAction","target":{"@type":"EntryPoint","urlTemplate":"https:\/\/cartes-et-posters.fr\/?s={search_term_string}"},"query-input":{"@type":"PropertyValueSpecification","valueRequired":true,"valueName":"search_term_string"}}],"inLanguage":"fr-FR"}]}},"df_price":2.9,"df_sale_price":"","df_regular_price":2.9,"df_image_link":"https:\/\/cartes-et-posters.fr\/wp-content\/uploads\/2026\/02\/CARTE-ANNIVERSAIRE-Dragon-0-300x300.jpg","jetpack_sharing_enabled":true,"_links":{"self":[{"href":"https:\/\/cartes-et-posters.fr\/index.php\/wp-json\/wp\/v2\/product\/1832","targetHints":{"allow":["GET"]}}],"collection":[{"href":"https:\/\/cartes-et-posters.fr\/index.php\/wp-json\/wp\/v2\/product"}],"about":[{"href":"https:\/\/cartes-et-posters.fr\/index.php\/wp-json\/wp\/v2\/types\/product"}],"replies":[{"embeddable":true,"href":"https:\/\/cartes-et-posters.fr\/index.php\/wp-json\/wp\/v2\/comments?post=1832"}],"wp:featuredmedia":[{"embeddable":true,"href":"https:\/\/cartes-et-posters.fr\/index.php\/wp-json\/wp\/v2\/media\/2312"}],"wp:attachment":[{"href":"https:\/\/cartes-et-posters.fr\/index.php\/wp-json\/wp\/v2\/media?parent=1832"}],"wp:term":[{"taxonomy":"product_brand","embeddable":true,"href":"https:\/\/cartes-et-posters.fr\/index.php\/wp-json\/wp\/v2\/product_brand?post=1832"},{"taxonomy":"product_cat","embeddable":true,"href":"https:\/\/cartes-et-posters.fr\/index.php\/wp-json\/wp\/v2\/product_cat?post=1832"},{"taxonomy":"product_tag","embeddable":true,"href":"https:\/\/cartes-et-posters.fr\/index.php\/wp-json\/wp\/v2\/product_tag?post=1832"}],"curies":[{"name":"wp","href":"https:\/\/api.w.org\/{rel}","templated":true}]}}