{"id":1829,"date":"2026-01-27T14:31:55","date_gmt":"2026-01-27T14:31:55","guid":{"rendered":"https:\/\/cartesetposters.fr\/?post_type=product&#038;p=1829"},"modified":"2026-02-27T17:34:18","modified_gmt":"2026-02-27T16:34:18","slug":"carte-anniversaire-enfant-flamant-rose","status":"publish","type":"product","link":"https:\/\/cartes-et-posters.fr\/index.php\/produit\/carte-anniversaire-enfant-flamant-rose\/","title":{"rendered":"Carte Anniversaire Enfant Flamant Rose"},"content":{"rendered":"<h2 data-start=\"214\" data-end=\"581\">Carte anniversaire enfant flamant rose<\/h2>\n<p data-start=\"214\" data-end=\"581\">Offrez une touche de fantaisie et de tendresse avec cette jolie carte anniversaire enfant flamant rose. Julie Desvaux signe ce design original. Imagin\u00e9e par une cr\u00e9atrice graphique fran\u00e7aise, cette illustration est pleine de pep\u2019s ! Elle met en sc\u00e8ne un adorable flamant rose coiff\u00e9 d\u2019un chapeau de f\u00eate, entour\u00e9 de ballons violets, de cadeaux color\u00e9s et d\u2019une pluie de cotillons joyeux.<\/p>\n<p data-start=\"526\" data-end=\"899\">Pens\u00e9e pour les petites filles qui aiment les animaux rigolos et les univers p\u00e9tillants, cette carte est id\u00e9ale pour souhaiter un joyeux anniversaire de mani\u00e8re douce, originale et inoubliable au travers d&rsquo;un flamant rose pr\u00eat \u00e0 c\u00e9l\u00e9brer l&rsquo;\u00e9v\u00e8nement.<\/p>\n<h2 data-start=\"848\" data-end=\"874\">\u2728 <strong data-start=\"850\" data-end=\"872\">D\u00e9tails du produit<\/strong><\/h2>\n<ul data-start=\"875\" data-end=\"1212\">\n<li data-start=\"875\" data-end=\"964\">\n<p data-start=\"877\" data-end=\"964\"><strong data-start=\"877\" data-end=\"887\">Format<\/strong> : A6 (10,5 x 14,8 cm)<\/p>\n<\/li>\n<li data-start=\"965\" data-end=\"1035\">\n<p data-start=\"967\" data-end=\"1035\"><b>Papier <\/b>: recycl\u00e9 et textur\u00e9, pour une impression \u00e9co-responsable haute qualit\u00e9 (300 g\/m\u00b2)<\/p>\n<\/li>\n<li data-start=\"1036\" data-end=\"1099\">\n<p data-start=\"1038\" data-end=\"1099\"><strong data-start=\"1038\" data-end=\"1054\">Illustration<\/strong> : cr\u00e9ation exclusive \u00a92026 Julie Desvaux<\/p>\n<\/li>\n<li data-start=\"1100\" data-end=\"1137\">\n<p data-start=\"1102\" data-end=\"1137\"><strong data-start=\"1102\" data-end=\"1135\">Inclus : <\/strong>enveloppe C6 violette<\/p>\n<\/li>\n<li data-start=\"1138\" data-end=\"1212\">\n<p data-start=\"1140\" data-end=\"1212\"><strong data-start=\"1140\" data-end=\"1173\">Vendue \u00e0 l\u2019unit\u00e9 :\u00a0 <\/strong>sans message (dos vierge pour \u00e9crire votre texte)<\/p>\n<\/li>\n<li data-start=\"1138\" data-end=\"1212\">\n<p data-start=\"1140\" data-end=\"1212\"><strong>Visuel :<\/strong> les couleurs peuvent varier selon l&rsquo;\u00e9cran &#8211; La carte que vous recevrez ne comporte pas les marques \u00ab\u00a0&amp;\u00a0\u00bb<\/p>\n<\/li>\n<\/ul>\n<h2 data-start=\"1219\" data-end=\"1529\">\ud83c\udf08 Une carte \u00e0 croquer, faites avec soin<\/h2>\n<p data-start=\"1362\" data-end=\"1736\">Comme toutes les cr\u00e9ations de Julie, cette carte est imprim\u00e9e en petites s\u00e9ries. Elle a ainsi \u00e9t\u00e9 con\u00e7ue avec le plus grand soin. Elle fait partie de notre gamme d\u00e9di\u00e9e \u00e0 la papeterie joyeuse et cr\u00e9ative pour toutes les occasions.<\/p>\n<p data-start=\"1738\" data-end=\"1881\">\u00c0 la fois po\u00e9tique, dr\u00f4le et color\u00e9e, cette carte anniversaire enfant s\u00e9duira aussi bien les parents que les enfants. Elle peut \u00eatre gliss\u00e9e dans un colis, accroch\u00e9e au mur ou gard\u00e9e en souvenir d\u2019un moment joyeux. Il s&rsquo;agit ici aussi d&rsquo;une cr\u00e9ation originale d&rsquo;une artiste graphiste bisontine : Julie Desvaux, qui met tout son c\u0153ur dans la r\u00e9alisation de ses visuels !<\/p>\n<h2 data-start=\"1949\" data-end=\"2150\">\ud83d\udca1 Pourquoi on adore cette carte anniversaire enfant flamant rose ?<\/h2>\n<p data-start=\"1942\" data-end=\"2129\">\u2714 Un design original et exclusif<br \/>\n\u2714 Un univers graphique p\u00e9tillant et doux<br \/>\n\u2714 Une cr\u00e9ation bisontine et \u00e9co-responsable<br \/>\n\u2714 Parfaite pour une petite fille pleine de vie !<\/p>\n<p data-start=\"2131\" data-end=\"2341\" data-is-last-node=\"\" data-is-only-node=\"\">En conclusion, vous l&rsquo;aurez compris: on recommande vivement cette jolie carte d&rsquo;anniversaire avec son flamant rose ! En effet, elle ne manquera pas de faire plaisir pour c\u00e9l\u00e9brer une bougie suppl\u00e9mentaire comme il se doit !<\/p>\n","protected":false},"excerpt":{"rendered":"<p>Carte d\u2019anniversaire enfant flamant rose, au design joyeux et color\u00e9 ! Cr\u00e9ation originale, id\u00e9ale pour une petite attention unique.<\/p>\n","protected":false},"featured_media":2313,"comment_status":"open","ping_status":"closed","template":"","meta":{"neve_meta_sidebar":"","neve_meta_container":"","neve_meta_enable_content_width":"off","neve_meta_content_width":100,"neve_meta_title_alignment":"","neve_meta_author_avatar":"","neve_post_elements_order":"","neve_meta_disable_header":"","neve_meta_disable_footer":"","neve_meta_disable_title":""},"product_brand":[],"product_cat":[25],"product_tag":[19,27,32],"class_list":{"0":"post-1829","1":"product","2":"type-product","3":"status-publish","4":"has-post-thumbnail","6":"product_cat-cartes-illustrees-eco-responsables","7":"product_tag-carterie-anniversaire","8":"product_tag-creations-enfant-illustrees","9":"product_tag-jolie-carte","10":"product_shipping_class-cartes","12":"first","13":"instock","14":"taxable","15":"shipping-taxable","16":"purchasable","17":"product-type-simple"},"yoast_head":"<!-- This site is optimized with the Yoast SEO plugin v27.4 - https:\/\/yoast.com\/product\/yoast-seo-wordpress\/ -->\n<title>Carte Anniversaire Enfant Flamant Rose | Boutique Cartes Posters<\/title>\n<meta name=\"description\" content=\"Carte Anniversaire Enfant Flamant Rose | Gamme Anniversaire Enfants | Carte simple format A6 avec enveloppe | Cr\u00e9ation Eco-responsable\" \/>\n<meta name=\"robots\" content=\"index, follow, max-snippet:-1, max-image-preview:large, max-video-preview:-1\" \/>\n<link rel=\"canonical\" href=\"https:\/\/cartes-et-posters.fr\/index.php\/produit\/carte-anniversaire-enfant-flamant-rose\/\" \/>\n<meta property=\"og:locale\" content=\"fr_FR\" \/>\n<meta property=\"og:type\" content=\"article\" \/>\n<meta property=\"og:title\" content=\"Carte Anniversaire Enfant Flamant Rose | Boutique Cartes Posters\" \/>\n<meta property=\"og:description\" content=\"Carte Anniversaire Enfant Flamant Rose | Gamme Anniversaire Enfants | Carte simple format A6 avec enveloppe | Cr\u00e9ation Eco-responsable\" \/>\n<meta property=\"og:url\" content=\"https:\/\/cartes-et-posters.fr\/index.php\/produit\/carte-anniversaire-enfant-flamant-rose\/\" \/>\n<meta property=\"og:site_name\" content=\"Cartes et Posters\" \/>\n<meta property=\"article:modified_time\" content=\"2026-02-27T16:34:18+00:00\" \/>\n<meta property=\"og:image\" content=\"https:\/\/cartes-et-posters.fr\/wp-content\/uploads\/2026\/02\/CARTE-ANNIVERSAIRE-Flamant-rose-0.jpg\" \/>\n\t<meta property=\"og:image:width\" content=\"1000\" \/>\n\t<meta property=\"og:image:height\" content=\"1000\" \/>\n\t<meta property=\"og:image:type\" content=\"image\/jpeg\" \/>\n<meta name=\"twitter:card\" content=\"summary_large_image\" \/>\n<meta name=\"twitter:label1\" content=\"Dur\u00e9e de lecture estim\u00e9e\" \/>\n\t<meta name=\"twitter:data1\" content=\"2 minutes\" \/>\n<script type=\"application\/ld+json\" class=\"yoast-schema-graph\">{\"@context\":\"https:\\\/\\\/schema.org\",\"@graph\":[{\"@type\":\"WebPage\",\"@id\":\"https:\\\/\\\/cartes-et-posters.fr\\\/index.php\\\/produit\\\/carte-anniversaire-enfant-flamant-rose\\\/\",\"url\":\"https:\\\/\\\/cartes-et-posters.fr\\\/index.php\\\/produit\\\/carte-anniversaire-enfant-flamant-rose\\\/\",\"name\":\"Carte Anniversaire Enfant Flamant Rose | Boutique Cartes Posters\",\"isPartOf\":{\"@id\":\"https:\\\/\\\/cartes-et-posters.fr\\\/#website\"},\"primaryImageOfPage\":{\"@id\":\"https:\\\/\\\/cartes-et-posters.fr\\\/index.php\\\/produit\\\/carte-anniversaire-enfant-flamant-rose\\\/#primaryimage\"},\"image\":{\"@id\":\"https:\\\/\\\/cartes-et-posters.fr\\\/index.php\\\/produit\\\/carte-anniversaire-enfant-flamant-rose\\\/#primaryimage\"},\"thumbnailUrl\":\"https:\\\/\\\/cartes-et-posters.fr\\\/wp-content\\\/uploads\\\/2026\\\/02\\\/CARTE-ANNIVERSAIRE-Flamant-rose-0.jpg\",\"datePublished\":\"2026-01-27T14:31:55+00:00\",\"dateModified\":\"2026-02-27T16:34:18+00:00\",\"description\":\"Carte Anniversaire Enfant Flamant Rose | Gamme Anniversaire Enfants | Carte simple format A6 avec enveloppe | Cr\u00e9ation Eco-responsable\",\"breadcrumb\":{\"@id\":\"https:\\\/\\\/cartes-et-posters.fr\\\/index.php\\\/produit\\\/carte-anniversaire-enfant-flamant-rose\\\/#breadcrumb\"},\"inLanguage\":\"fr-FR\",\"potentialAction\":[{\"@type\":\"ReadAction\",\"target\":[\"https:\\\/\\\/cartes-et-posters.fr\\\/index.php\\\/produit\\\/carte-anniversaire-enfant-flamant-rose\\\/\"]}]},{\"@type\":\"ImageObject\",\"inLanguage\":\"fr-FR\",\"@id\":\"https:\\\/\\\/cartes-et-posters.fr\\\/index.php\\\/produit\\\/carte-anniversaire-enfant-flamant-rose\\\/#primaryimage\",\"url\":\"https:\\\/\\\/cartes-et-posters.fr\\\/wp-content\\\/uploads\\\/2026\\\/02\\\/CARTE-ANNIVERSAIRE-Flamant-rose-0.jpg\",\"contentUrl\":\"https:\\\/\\\/cartes-et-posters.fr\\\/wp-content\\\/uploads\\\/2026\\\/02\\\/CARTE-ANNIVERSAIRE-Flamant-rose-0.jpg\",\"width\":1000,\"height\":1000},{\"@type\":\"BreadcrumbList\",\"@id\":\"https:\\\/\\\/cartes-et-posters.fr\\\/index.php\\\/produit\\\/carte-anniversaire-enfant-flamant-rose\\\/#breadcrumb\",\"itemListElement\":[{\"@type\":\"ListItem\",\"position\":1,\"name\":\"Accueil\",\"item\":\"https:\\\/\\\/cartes-et-posters.fr\\\/\"},{\"@type\":\"ListItem\",\"position\":2,\"name\":\"Produits\",\"item\":\"https:\\\/\\\/cartes-et-posters.fr\\\/index.php\\\/shop\\\/\"},{\"@type\":\"ListItem\",\"position\":3,\"name\":\"Carte Anniversaire Enfant Flamant Rose\"}]},{\"@type\":\"WebSite\",\"@id\":\"https:\\\/\\\/cartes-et-posters.fr\\\/#website\",\"url\":\"https:\\\/\\\/cartes-et-posters.fr\\\/\",\"name\":\"Cartes et Posters\",\"description\":\"\",\"potentialAction\":[{\"@type\":\"SearchAction\",\"target\":{\"@type\":\"EntryPoint\",\"urlTemplate\":\"https:\\\/\\\/cartes-et-posters.fr\\\/?s={search_term_string}\"},\"query-input\":{\"@type\":\"PropertyValueSpecification\",\"valueRequired\":true,\"valueName\":\"search_term_string\"}}],\"inLanguage\":\"fr-FR\"}]}<\/script>\n<!-- \/ Yoast SEO plugin. -->","yoast_head_json":{"title":"Carte Anniversaire Enfant Flamant Rose | Boutique Cartes Posters","description":"Carte Anniversaire Enfant Flamant Rose | Gamme Anniversaire Enfants | Carte simple format A6 avec enveloppe | Cr\u00e9ation Eco-responsable","robots":{"index":"index","follow":"follow","max-snippet":"max-snippet:-1","max-image-preview":"max-image-preview:large","max-video-preview":"max-video-preview:-1"},"canonical":"https:\/\/cartes-et-posters.fr\/index.php\/produit\/carte-anniversaire-enfant-flamant-rose\/","og_locale":"fr_FR","og_type":"article","og_title":"Carte Anniversaire Enfant Flamant Rose | Boutique Cartes Posters","og_description":"Carte Anniversaire Enfant Flamant Rose | Gamme Anniversaire Enfants | Carte simple format A6 avec enveloppe | Cr\u00e9ation Eco-responsable","og_url":"https:\/\/cartes-et-posters.fr\/index.php\/produit\/carte-anniversaire-enfant-flamant-rose\/","og_site_name":"Cartes et Posters","article_modified_time":"2026-02-27T16:34:18+00:00","og_image":[{"width":1000,"height":1000,"url":"https:\/\/cartes-et-posters.fr\/wp-content\/uploads\/2026\/02\/CARTE-ANNIVERSAIRE-Flamant-rose-0.jpg","type":"image\/jpeg"}],"twitter_card":"summary_large_image","twitter_misc":{"Dur\u00e9e de lecture estim\u00e9e":"2 minutes"},"schema":{"@context":"https:\/\/schema.org","@graph":[{"@type":"WebPage","@id":"https:\/\/cartes-et-posters.fr\/index.php\/produit\/carte-anniversaire-enfant-flamant-rose\/","url":"https:\/\/cartes-et-posters.fr\/index.php\/produit\/carte-anniversaire-enfant-flamant-rose\/","name":"Carte Anniversaire Enfant Flamant Rose | Boutique Cartes Posters","isPartOf":{"@id":"https:\/\/cartes-et-posters.fr\/#website"},"primaryImageOfPage":{"@id":"https:\/\/cartes-et-posters.fr\/index.php\/produit\/carte-anniversaire-enfant-flamant-rose\/#primaryimage"},"image":{"@id":"https:\/\/cartes-et-posters.fr\/index.php\/produit\/carte-anniversaire-enfant-flamant-rose\/#primaryimage"},"thumbnailUrl":"https:\/\/cartes-et-posters.fr\/wp-content\/uploads\/2026\/02\/CARTE-ANNIVERSAIRE-Flamant-rose-0.jpg","datePublished":"2026-01-27T14:31:55+00:00","dateModified":"2026-02-27T16:34:18+00:00","description":"Carte Anniversaire Enfant Flamant Rose | Gamme Anniversaire Enfants | Carte simple format A6 avec enveloppe | Cr\u00e9ation Eco-responsable","breadcrumb":{"@id":"https:\/\/cartes-et-posters.fr\/index.php\/produit\/carte-anniversaire-enfant-flamant-rose\/#breadcrumb"},"inLanguage":"fr-FR","potentialAction":[{"@type":"ReadAction","target":["https:\/\/cartes-et-posters.fr\/index.php\/produit\/carte-anniversaire-enfant-flamant-rose\/"]}]},{"@type":"ImageObject","inLanguage":"fr-FR","@id":"https:\/\/cartes-et-posters.fr\/index.php\/produit\/carte-anniversaire-enfant-flamant-rose\/#primaryimage","url":"https:\/\/cartes-et-posters.fr\/wp-content\/uploads\/2026\/02\/CARTE-ANNIVERSAIRE-Flamant-rose-0.jpg","contentUrl":"https:\/\/cartes-et-posters.fr\/wp-content\/uploads\/2026\/02\/CARTE-ANNIVERSAIRE-Flamant-rose-0.jpg","width":1000,"height":1000},{"@type":"BreadcrumbList","@id":"https:\/\/cartes-et-posters.fr\/index.php\/produit\/carte-anniversaire-enfant-flamant-rose\/#breadcrumb","itemListElement":[{"@type":"ListItem","position":1,"name":"Accueil","item":"https:\/\/cartes-et-posters.fr\/"},{"@type":"ListItem","position":2,"name":"Produits","item":"https:\/\/cartes-et-posters.fr\/index.php\/shop\/"},{"@type":"ListItem","position":3,"name":"Carte Anniversaire Enfant Flamant Rose"}]},{"@type":"WebSite","@id":"https:\/\/cartes-et-posters.fr\/#website","url":"https:\/\/cartes-et-posters.fr\/","name":"Cartes et Posters","description":"","potentialAction":[{"@type":"SearchAction","target":{"@type":"EntryPoint","urlTemplate":"https:\/\/cartes-et-posters.fr\/?s={search_term_string}"},"query-input":{"@type":"PropertyValueSpecification","valueRequired":true,"valueName":"search_term_string"}}],"inLanguage":"fr-FR"}]}},"df_price":2.9,"df_sale_price":"","df_regular_price":2.9,"df_image_link":"https:\/\/cartes-et-posters.fr\/wp-content\/uploads\/2026\/02\/CARTE-ANNIVERSAIRE-Flamant-rose-0-300x300.jpg","jetpack_sharing_enabled":true,"_links":{"self":[{"href":"https:\/\/cartes-et-posters.fr\/index.php\/wp-json\/wp\/v2\/product\/1829","targetHints":{"allow":["GET"]}}],"collection":[{"href":"https:\/\/cartes-et-posters.fr\/index.php\/wp-json\/wp\/v2\/product"}],"about":[{"href":"https:\/\/cartes-et-posters.fr\/index.php\/wp-json\/wp\/v2\/types\/product"}],"replies":[{"embeddable":true,"href":"https:\/\/cartes-et-posters.fr\/index.php\/wp-json\/wp\/v2\/comments?post=1829"}],"wp:featuredmedia":[{"embeddable":true,"href":"https:\/\/cartes-et-posters.fr\/index.php\/wp-json\/wp\/v2\/media\/2313"}],"wp:attachment":[{"href":"https:\/\/cartes-et-posters.fr\/index.php\/wp-json\/wp\/v2\/media?parent=1829"}],"wp:term":[{"taxonomy":"product_brand","embeddable":true,"href":"https:\/\/cartes-et-posters.fr\/index.php\/wp-json\/wp\/v2\/product_brand?post=1829"},{"taxonomy":"product_cat","embeddable":true,"href":"https:\/\/cartes-et-posters.fr\/index.php\/wp-json\/wp\/v2\/product_cat?post=1829"},{"taxonomy":"product_tag","embeddable":true,"href":"https:\/\/cartes-et-posters.fr\/index.php\/wp-json\/wp\/v2\/product_tag?post=1829"}],"curies":[{"name":"wp","href":"https:\/\/api.w.org\/{rel}","templated":true}]}}